2
Suppose -2*p - 2*p - 48 = 0. Let l be (-22)/(-6) + 8/p. Let r(t) = t**2 - 2*t. Determine r(l).
3
Let j(z) = -2*z**2 - 3*z - 5. Let m(a) = -7*a**2 - 8*a - 14. Let k be (-4)/14 - (-222)/42. Suppose -k*t - 16 = -t. Let x(i) = t*m(i) + 11*j(i). Calculate x(1).
6
Let g(s) = s**2 - 4*s + 1. Suppose 3 + 0 = j. Suppose -5*p - 22 - j = 0, 3*q - 7 = 2*p. Let h be 5 - (2 + q)/1. Determine g(h).
1
Let o(b) = b - 1. Let t(j) = j. Let f(x) = -3*o(x) + 2*t(x). Calculate f(6).
-3
Let i(l) = l - 1. Suppose -12*v + 5*t + 30 = -7*v, t = -5*v + 24. What is i(v)?
4
Suppose 0 = 4*k + 5*s - 39, 2*s = 5*k - 27 + 3. Let a(x) = 2*x - 3*x + x - x - 2. What is a(k)?
-8
Let q(u) = -u**3 + 3*u**2 + u + 2. Let i = -2 - -7. Suppose 0*h + 27 = 4*h - 3*p, 25 = i*h - 2*p. Determine q(h).
5
Suppose -3*v = 4*k + 10, 0*k - 8 = -2*v + k. Let m = 0 + v. Let y(i) = -4 + m*i - 3*i + 3 + i**2. Give y(0).
-1
Let b be 0 + 0 + 2 + -7. Suppose 0 = 2*d - t, -5*d = -2*t - t. Let x(k) = -k + d*k + 7 + 2*k. Determine x(b).
2
Let m(p) be the third derivative of 17*p**5/60 + p**4/24 + 6*p**2. What is m(-1)?
16
Suppose -9 = 3*i - 2*q, -8*q + 5*q - 24 = 3*i. Let f(c) = -c**2 - 4*c + 3. Determine f(i).
-2
Let d(g) be the second derivative of -g**3 + 3*g**2 - 4*g. What is d(4)?
-18
Let d(j) = 5*j - 5 + 2 - 2*j + 4. Let s be ((-6)/12)/(2/(-4)). Determine d(s).
4
Suppose 0*u = -3*u + 12. Suppose -10 = -u*q + 10. Let b(z) = -z + 1. Let r(o) = 3*o - 14. Let p(d) = -2*b(d) - r(d). What is p(q)?
7
Let o(h) be the first derivative of -h**4/24 - 7*h**3/6 + 5*h**2/2 + 6. Let y(x) be the second derivative of o(x). Give y(-5).
-2
Let m(g) be the second derivative of -g**5/4 - g**3/3 + g**2/2 + g. Let q = 10 - 9. What is m(q)?
-6
Let t be 1/(-3) + (100/24)/5. Let m(l) be the first derivative of 4 + 0*l + t*l**2. What is m(1)?
1
Let r = 46 + -26. Suppose -5*g = -5*k - r, -4*k - k + 25 = 4*g. Let o(m) = m**3 - 5*m**2 + 2*m - 2. Calculate o(g).
8
Let w(x) be the first derivative of -x**2/2 + 5*x - 3. Calculate w(5).
0
Suppose 13*q - 93 - 24 = 0. Let u(j) = j**2 - 9*j + 1. Calculate u(q).
1
Suppose -4*x = x - 15. Let u(q) = -5*q - 3*q + 7*q. Let w(y) = 1. Let r(i) = u(i) - 4*w(i). Calculate r(x).
-7
Let h(o) = 3*o**2 - 2 + 2*o - 3*o**2 - o**2 - o**3. Let d(x) = -x**3 + 10*x**2 + x - 13. Let b be d(10). Calculate h(b).
10
Suppose 2*z - 10 = 7*z. Let f(w) be the first derivative of w**4/4 + 2*w**3/3 + w**2/2 - 2*w + 1. Give f(z).
-4
Let f(k) = -k**3 - 7*k**2 - 6*k + 7. Suppose 4*s - 5*w = 0, 4*w = 4*s + s + 9. Determine f(s).
-13
Let j(f) = f**2 - 3*f + 4. Let u be j(4). Let k(s) = 11*s**2 - 15*s + 14. Let d(n) = 7*n**2 - 10*n + 9. Let y(i) = u*d(i) - 5*k(i). Calculate y(5).
2
Suppose 4*f + 6 = -3*z, -4*z + 8 = -0*z. Let t(r) be the third derivative of -1/6*r**3 + 0 + 0*r + 1/12*r**5 + 1/120*r**6 + 1/24*r**4 + 5*r**2. Give t(f).
14
Let p = 56 + -40. Suppose -2*j = -i + 2*j + p, 5*i - 14 = -2*j. Let z(y) = y**3 - 5*y**2 + 4*y - 4. What is z(i)?
-4
Let p(t) = -2*t**2 - 21*t - 11. Let i(l) = l**2 + 10*l + 5. Let x(r) = 5*i(r) + 2*p(r). Let q(g) be the first derivative of x(g). Calculate q(-6).
-4
Let u(b) = -3*b - 7. Let k = 2 + -3. Let f be k + (-5 - (-1 + 0)). Determine u(f).
8
Let r(j) = -8*j + 1 - j**2 - 1. Let y be r(-6). Let q(n) = -5 + y*n**2 - 4*n**2 + 4. Determine q(-1).
7
Let i(o) = -1 + 5*o - 11*o + o**2 + 3. What is i(6)?
2
Suppose 6*s - 12 = 3*s. Let b(a) be the third derivative of a**5/60 - a**4/6 - a**3/2 - 3*a**2. What is b(s)?
-3
Let d(n) = -n**3 - 4*n**2 - 2*n - 4. Let k be -2*(0 + -1)*-2. Give d(k).
4
Let x(f) = f**2 - 5*f + 6. Suppose b + 0*v + 3*v - 20 = 0, v = -b + 10. What is x(b)?
6
Let d = 5 - 3. Let u(v) = 4*v**2 + 5*v. Suppose -5*r + r - 20 = 0. Let i(x) = x**2 + x. Let j(t) = r*i(t) + u(t). What is j(d)?
-4
Let z(p) = -2 + 4 + p**3 + 3. Let i = -24 + 24. Give z(i).
5
Let n be 3 + -7 + 1/1. Let y be n/4 + 23/4. Let c(s) = -s**3 + 6*s**2 - 6*s + 3. Calculate c(y).
-2
Suppose -8 = -7*b + 3*b. Let l = -4 - -7. Suppose f + l = -b. Let n(d) = -d - 7. Determine n(f).
-2
Let g(m) = m**2 - 7*m + 9. Suppose -28 + 33 = z. Suppose -10*f + z*f = -30. Calculate g(f).
3
Let n = 6 - 3. Suppose g + n*x + 17 = 0, -5*g = -4*x + x - 5. Let f(l) = -6*l**2 + 3*l - 1. Let j(m) = -m**2 + m. Let v(y) = -f(y) + 5*j(y). Calculate v(g).
1
Let l = 33 + -29. Let h(g) = -g**2 + 2*g + 3. What is h(l)?
-5
Let j(r) = -r - 3. Let u(m) = -m - 5. Let k(v) = 8*j(v) - 5*u(v). Suppose i - 14 = -i. Let z = i + -9. Give k(z).
7
Let v be 1 + -1 + (0 - 0). Let u(c) = -5*c + c + v*c - 1. Suppose -17 = -5*z - 4*s, 3*z - 3 - 3 = -s. Calculate u(z).
-5
Let m be ((-9)/12)/((-1)/16). Suppose -10*d + 7*d = -m. Let y(u) = 3*u - 6. Calculate y(d).
6
Suppose -3 - 1 = -2*r. Let v(d) = 2 - 4*d**2 + 5*d**2 - 5*d - 2*d**3 + 3*d**3 + r*d**2. Suppose -18 - 2 = 5*i. Determine v(i).
6
Let p(j) = -j**2 + 3*j + 1. Let g(k) = 6*k**2 - k - 3. Let a be g(-1). What is p(a)?
-3
Let j = 6 - -1. Let t be j*-1*(-3 - -2). Let i(k) = -k**2 + 2*k**2 + 12 - 4 + t*k. Determine i(-6).
2
Suppose 0*f + 4*f = -2*b - 10, 2*b = f + 5. Let p(o) = -2*o. Calculate p(f).
6
Let k(h) be the third derivative of -h**6/120 - h**5/15 + 7*h**4/24 + 7*h**3/6 - h**2. Let f(p) = p + 1. Let b be f(3). Suppose 24 = -b*a + 4. What is k(a)?
-3
Let a(c) be the first derivative of c**4/12 - c**3/2 + 2*c**2 - 2. Let j(m) be the second derivative of a(m). What is j(4)?
5
Let m be ((-12)/(-21))/((-4)/(-14)). Let v(k) = -k**2 - 3*k + 5*k - 3*k - m. Calculate v(0).
-2
Suppose 2*y + 2 = -3*r - 21, -4*y - r = 21. Let u(w) = -2*w**2 + 5*w - 1. Let v(q) = -q**2 + q - 1. Let x(a) = -u(a) + 3*v(a). What is x(y)?
-10
Let m(a) = -58*a - a**3 - 10 + 58*a. Let q(o) = o**3 - 6*o**2 - o + 6. Let d be (4/5)/((-4)/(-30)). Let n be q(d). Determine m(n).
-10
Let d(c) = c**3 + 4*c + 3 - 13 + c**2 - 10 - 3*c. Calculate d(0).
-20
Let t(k) be the second derivative of k**4/12 - 5*k**3/6 - k**2/2 + 24*k. Give t(4).
-5
Let i(d) = 5*d**3 - 6*d**3 - 5 - 6*d + 13*d**2 - d - 6*d**2. Calculate i(6).
-11
Suppose 4*b = 9 + 15. Let s(z) = -8 + 6*z - 3*z**2 + 0*z**2 + 2*z**2. What is s(b)?
-8
Let l(b) = b - 2. Let k be l(5). Suppose -k*v - 5*h - 2 = 0, 0 = 2*v - 2*h - 3*h + 18. Let t(w) = -w**2 - 3*w - 2. Determine t(v).
-6
Let b(a) be the second derivative of -a**2 + 5/12*a**4 - 1/20*a**5 + 0 - 2*a + 0*a**3. Calculate b(5).
-2
Let v(x) be the second derivative of x**6/120 - x**5/12 + 5*x**4/24 + x**3/3 + x**2/2 - x. Let n(m) be the first derivative of v(m). What is n(4)?
6
Let n be ((-3)/(-6))/(2/56). Let d = n - 9. Let p(b) = -b**3 + 5*b**2 + b - 5. Calculate p(d).
0
Let r(o) = -17*o**2 - 2. Let j be ((-15)/6)/(2/(-4)). Let d(w) be the first derivative of -26*w**3/3 - 3*w - 1. Let m(i) = j*d(i) - 8*r(i). Determine m(-1).
7
Let h = 3 + 4. Let a(z) = -3*z + 15. Let g be a(h). Let p(b) = -b**2 - 6*b - 7. Calculate p(g).
-7
Let m be 2 - (-1)/(2/(-2)). Let k(u) be the second derivative of -3*u**5/10 + u**3/6 + 11*u. Calculate k(m).
-5
Let h(t) = -t - 5. Let b be -5 - (6 - 24/4). Calculate h(b).
0
Let i(x) be the first derivative of -2 + 1/3*x**3 - 1/2*x**2 + 7*x. Calculate i(0).
7
Let y(t) = -t**3 - 5*t**2 + 6*t + 3. Let o be y(-6). Let i(w) be the first derivative of -w**3/3 + w**2 + 2*w - 10. Determine i(o).
-1
Let m(s) = 5*s**2. Suppose -5*y + l + 0*l = 8, -5*l + 12 = 3*y. Give m(y).
5
Let n(h) = 2*h**2 + 2*h**3 - 2*h + 2*h - 4*h**2. Calculate n(2).
8
Let s(t) = t**2 + 2*t - 5. Suppose 3*l = 1 + 2. Suppose -l = c + 3. Calculate s(c).
3
Let b(f) = f + 1. Let i(d) = -2*d - 2. Let u be ((-12)/(-3) + -2)/2. Let v(c) = u*b(c) + i(c). Suppose 0 = m + 2 - 0. What is v(m)?
1
Let x be 0 + 4/(-2 + 0). Let k(b) be the first derivative of -1 + 1/3*b**3 + 3*b + 3/2*b**2. Calculate k(x).
1
Let p(q) = -q**3 + q**2 - 2*q - 1. Suppose -5*f - 4*r + 7 - 1 = 0, 0 = 4*f - r - 9. Give p(f).
-9
Let b(m) = -m + 7 + 4*m - m**2 + 2*m - 2. Give b(5).
5
Suppose -7*s + 2*s = 0. Let t(r) be the third derivative of 0*r + 4*r**2 + 0 + 1/6*r**4 + s*r**3. What is t(-3)?
-12
Let n be (-4)/(-10) + 364/65. Let a(z) = z**3 - 6*z**2 - 2*z + 9. Determine a(n).
-3
Let c(u) be the first derivative of -u**2/2 - 5*u + 2. Let p(w) = -3*w**2 + 29*w - 12. Let o be p(9). Give c(o).
-11
Let z = -11 + 5. Let n be (-16)/z + 1/3. Let g(w) = 2*w**3 + w**2. Let p(x) = 13*x**3